{"id":6212,"date":"2012-04-10T22:03:40","date_gmt":"2012-04-10T19:03:40","guid":{"rendered":"http:\/\/www.keikari.com\/blogi\/?page_id=6212"},"modified":"2021-03-28T20:58:24","modified_gmt":"2021-03-28T17:58:24","slug":"yhteys","status":"publish","type":"page","link":"https:\/\/www.keikari.com\/blogi\/yhteys\/","title":{"rendered":"Yhteys"},"content":{"rendered":"<p>Palautteen, artikkeliehdotusten ja mainoskyselyiden suhteen yll\u00e4pit\u00e4j\u00e4\u00e4n saa yhteyden s\u00e4hk\u00f6postiosoitteesta info(at)keikari(piste)com.<\/p>\n","protected":false},"excerpt":{"rendered":"<p>Palautteen, artikkeliehdotusten ja mainoskyselyiden suhteen yll\u00e4pit\u00e4j\u00e4\u00e4n saa yhteyden s\u00e4hk\u00f6postiosoitteesta info(at)keikari(piste)com.<\/p>\n","protected":false},"author":30,"featured_media":0,"parent":0,"menu_order":5,"comment_status":"open","ping_status":"open","template":"","meta":{"footnotes":"","_links_to":"","_links_to_target":""},"class_list":["post-6212","page","type-page","status-publish","hentry"],"aioseo_notices":[],"_links":{"self":[{"href":"https:\/\/www.keikari.com\/blogi\/wp-json\/wp\/v2\/pages\/6212","targetHints":{"allow":["GET"]}}],"collection":[{"href":"https:\/\/www.keikari.com\/blogi\/wp-json\/wp\/v2\/pages"}],"about":[{"href":"https:\/\/www.keikari.com\/blogi\/wp-json\/wp\/v2\/types\/page"}],"author":[{"embeddable":true,"href":"https:\/\/www.keikari.com\/blogi\/wp-json\/wp\/v2\/users\/30"}],"replies":[{"embeddable":true,"href":"https:\/\/www.keikari.com\/blogi\/wp-json\/wp\/v2\/comments?post=6212"}],"version-history":[{"count":9,"href":"https:\/\/www.keikari.com\/blogi\/wp-json\/wp\/v2\/pages\/6212\/revisions"}],"predecessor-version":[{"id":11543,"href":"https:\/\/www.keikari.com\/blogi\/wp-json\/wp\/v2\/pages\/6212\/revisions\/11543"}],"wp:attachment":[{"href":"https:\/\/www.keikari.com\/blogi\/wp-json\/wp\/v2\/media?parent=6212"}],"curies":[{"name":"wp","href":"https:\/\/api.w.org\/{rel}","templated":true}]}}